{"id":19,"date":"2016-09-23T22:05:30","date_gmt":"2016-09-23T20:05:30","guid":{"rendered":"http:\/\/localhost\/wp-osteo\/?page_id=19"},"modified":"2017-11-29T11:41:53","modified_gmt":"2017-11-29T10:41:53","slug":"kontakt","status":"publish","type":"page","link":"https:\/\/physio-osteo-sport.de\/?page_id=19","title":{"rendered":"Kontakt"},"content":{"rendered":"<h4 style=\"text-align: center;\"><strong>Eine Terminvereinbarung machen wir mit Ihnen pers\u00f6nlich.<\/strong><\/h4>\n<h4 style=\"text-align: center;\"><strong><img loading=\"lazy\" decoding=\"async\" class=\"alignnone size-medium wp-image-397\" src=\"http:\/\/physio-osteo-sport.de\/wp-content\/uploads\/2017\/11\/P1050055-300x169.jpg\" alt=\"\" width=\"300\" height=\"169\" srcset=\"https:\/\/physio-osteo-sport.de\/wp-content\/uploads\/2017\/11\/P1050055-300x169.jpg 300w, https:\/\/physio-osteo-sport.de\/wp-content\/uploads\/2017\/11\/P1050055-768x433.jpg 768w, https:\/\/physio-osteo-sport.de\/wp-content\/uploads\/2017\/11\/P1050055-1024x577.jpg 1024w\" sizes=\"auto, (max-width: 300px) 100vw, 300px\" \/><\/strong><\/h4>\n<p>Frau Maier ist telefonisch <strong>Dienstag  und  Donnerstag zwischen 11:00 und 13:00 Uhr<\/strong> f\u00fcr Sie erreichbar. Sollten zum Zeitpunkt ihres Anrufes alle Leitungen belegt sein oder ihr Anruf au\u00dferhalb der angegebenen Zeiten liegen, hinterlassen Sie uns bitte eine Nachricht, wir rufen Sie gerne zur\u00fcck.<\/p>\n<p><strong>Zu den nicht angegebenen Zeiten <\/strong> sind wir in der Regel in Behandlung, so dass wir Ihren Anruf nicht pers\u00f6nlich entgegen nehmen k\u00f6nnen. Sie haben die M\u00f6glichkeit, Ihre Nachricht auf unserem Anrufbeantworter zu hinterlassen. Wir rufen Sie innerhalb der n\u00e4chsten 24 Stunden zur\u00fcck.<\/p>\n<p style=\"text-align: center;\">Wir freuen uns auf Ihren Anruf.<\/p>\n<hr \/>\n<p style=\"text-align: center;\"><strong>Praxis:<\/strong> 06056\/ 40 29 920  email  <a href=\"mailto:info@physio-osteo-sport.de\">info@physio-osteo-sport.de<\/a><\/p>\n<p>mobil: Christiane Billen Mertes 0151\/ 232 80 108    email   <a href=\"mailto:info@physio-osteo-sport.de\">info@physio-osteo-sport.de<\/a><\/p>\n<p style=\"text-align: center;\">mobil: Anja Angelstein 0151 \/ 191 06 491     email  <a href=\"mailto:anja.angelstein@gmx.de\">anja.angelstein@gmx.de<\/a><\/p>\n<p style=\"text-align: center;\">  mobil: Hajo Billen:0151\/ 239 87 258    email <a href=\"mailto:billen@kg-etechnik.de\">  billen@kg-etechnik.de<\/a><\/p>\n<p style=\"text-align: center;\">\n","protected":false},"excerpt":{"rendered":"<p>Eine Terminvereinbarung machen wir mit Ihnen pers\u00f6nlich. Frau Maier ist telefonisch Dienstag und Donnerstag zwischen 11:00 und 13:00 Uhr f\u00fcr Sie erreichbar. Sollten zum Zeitpunkt ihres Anrufes alle Leitungen belegt sein oder ihr Anruf au\u00dferhalb der angegebenen Zeiten liegen, hinterlassen Sie uns bitte eine Nachricht, wir rufen Sie gerne zur\u00fcck. Zu den nicht angegebenen Zeiten [&hellip;]<\/p>\n","protected":false},"author":1,"featured_media":0,"parent":0,"menu_order":0,"comment_status":"closed","ping_status":"closed","template":"","meta":{"footnotes":""},"class_list":["post-19","page","type-page","status-publish","hentry"],"_links":{"self":[{"href":"https:\/\/physio-osteo-sport.de\/index.php?rest_route=\/wp\/v2\/pages\/19","targetHints":{"allow":["GET"]}}],"collection":[{"href":"https:\/\/physio-osteo-sport.de\/index.php?rest_route=\/wp\/v2\/pages"}],"about":[{"href":"https:\/\/physio-osteo-sport.de\/index.php?rest_route=\/wp\/v2\/types\/page"}],"author":[{"embeddable":true,"href":"https:\/\/physio-osteo-sport.de\/index.php?rest_route=\/wp\/v2\/users\/1"}],"replies":[{"embeddable":true,"href":"https:\/\/physio-osteo-sport.de\/index.php?rest_route=%2Fwp%2Fv2%2Fcomments&post=19"}],"version-history":[{"count":18,"href":"https:\/\/physio-osteo-sport.de\/index.php?rest_route=\/wp\/v2\/pages\/19\/revisions"}],"predecessor-version":[{"id":416,"href":"https:\/\/physio-osteo-sport.de\/index.php?rest_route=\/wp\/v2\/pages\/19\/revisions\/416"}],"wp:attachment":[{"href":"https:\/\/physio-osteo-sport.de\/index.php?rest_route=%2Fwp%2Fv2%2Fmedia&parent=19"}],"curies":[{"name":"wp","href":"https:\/\/api.w.org\/{rel}","templated":true}]}}