{"id":21,"date":"2016-09-23T22:05:52","date_gmt":"2016-09-23T20:05:52","guid":{"rendered":"http:\/\/localhost\/wp-osteo\/?page_id=21"},"modified":"2018-05-07T18:04:58","modified_gmt":"2018-05-07T16:04:58","slug":"impressum","status":"publish","type":"page","link":"https:\/\/physio-osteo-sport.de\/?page_id=21","title":{"rendered":"Impressum"},"content":{"rendered":"<p>Impressum<\/p>\n<p>verantwortlich<br \/>\nChristiane Billen-Mertes,<br \/>\nSebastian Herbststr.7<br \/>\n63628 Bad Soden Salm\u00fcnster<\/p>\n<p>Tel. 06056 4029920<\/p>\n<p>Mail: <a href=\"mailto:info@physio-osteo-sport.de\">info@physio-osteo-sport.de<\/a><\/p>\n<p>Internet: <a href=\"http:\/\/www.physio-osteo-sport.de\">www.physio-osteo-sport.de<\/a><\/p>\n<p>Haftungsausschluss:<br \/>\nDer Praxisbesitzer hat mit geb\u00fchrender Sorgfalt den Inhalt dieser Seiten zusammengestellt, \u00fcbernimmt jedoch keine Garantie oder Haftung f\u00fcr die Richtigkeit oder Vollst\u00e4ndigkeit des Inhaltes. Der Praxisbesitzer \u00fcbernimmt keine Haftung f\u00fcr die Inhalte anderer Websites, die Sie \u00fcber Links von unserer Seite aus erreichen k\u00f6nnen. Hierbei handelt es sich um fremde Angebote, auf deren inhaltliche Gestaltung wir keinen Einfluss haben.<\/p>\n<p>E-Mail Adresse:<br \/>\nIhre E-Mail-Adresse wird von uns gespeichert. Wir setzen diese Daten ausschlie\u00dflich f\u00fcr den Versand von Rechnungen und Nachrichten ein. Wir geben Ihre Daten nicht an Dritte weiter und nutzen sie auch nicht f\u00fcr sonstige eigene Zwecke.<\/p>\n<p>Hinweis auf die Verwendung von externen Links im Sinne des EGG vom 21.12.2001<\/p>\n<p>In einigen Bereichen dieser Homepage verweisen wir zu Anschauungszwecken, beziehungsweise zu Zwecken der Verdeutlichung, durch die Physio-osteo-sport Homepage, auf Homepages Dritter. Durch einen Klick auf diese externen Links verlassen Sie den Bereich der Physio-osteo-sport Homepage.<\/p>\n<p>Google Analytics<\/p>\n<p>Diese Website benutzt Google Analytics, einen Webanalysedienst der Google Inc. (\u201eGoogle\u201c). Google Analytics verwendet sog. \u201eCookies\u201c, Textdateien, die auf Ihrem Computer gespeichert werden und die eine Analyse der Benutzung der Website durch Sie erm\u00f6glichen. Die durch den Cookie erzeugten Informationen \u00fcber Ihre Benutzung dieser Website werden in der Regel an einen Server von Google in den USA \u00fcbertragen und dort gespeichert. Im Falle der Aktivierung der IP-Anonymisierung auf dieser Webseite, wird Ihre IP-Adresse von Google jedoch innerhalb von Mitgliedstaaten der Europ\u00e4ischen Union oder in anderen Vertragsstaaten des Abkommens \u00fcber den Europ\u00e4ischen Wirtschaftsraum zuvor gek\u00fcrzt. Nur in Ausnahmef\u00e4llen wird die volle IP-Adresse an einen Server von Google in den USA \u00fcbertragen und dort gek\u00fcrzt. Im Auftrag des Betreibers dieser Website wird Google diese Informationen benutzen, um Ihre Nutzung der Website auszuwerten, um Reports \u00fcber die Websiteaktivit\u00e4ten zusammenzustellen und um weitere mit der Websitenutzung und der Internetnutzung verbundene Dienstleistungen gegen\u00fcber dem Websitebetreiber zu erbringen. Die im Rahmen von Google Analytics von Ihrem Browser \u00fcbermittelte IP-Adresse wird nicht mit anderen Daten von Google zusammengef\u00fchrt. Sie k\u00f6nnen die Speicherung der Cookies durch eine entsprechende Einstellung Ihrer Browser-Software verhindern; wir weisen Sie jedoch darauf hin, dass Sie in diesem Fall gegebenenfalls nicht s\u00e4mtliche Funktionen dieser Website vollumf\u00e4nglich werden nutzen k\u00f6nnen. Sie k\u00f6nnen dar\u00fcber hinaus die Erfassung der durch das Cookie erzeugten und auf Ihre Nutzung der Website bezogenen Daten (inkl. Ihrer IP-Adresse) an Google sowie die Verarbeitung dieser Daten durch Google verhindern, indem sie das unter dem folgenden Link verf\u00fcgbare Browser-Plugin herunterladen und installieren: Der aktuelle Link ist http:\/\/tools.google.com\/dlpage\/gaoptout?hl=de .<\/p>\n<p>Haftungsausschlu\u00df f\u00fcr die Verantwortung \u00fcber Links und fremde Inhalte<\/p>\n<p>Wir \u00fcbernehmen keine Gew\u00e4hr f\u00fcr die Vollst\u00e4ndigkeit, Richtigkeit und Aktualit\u00e4t sowie den Inhalt der Informationen auf unserer Homepage, die von fremden Websites \u00fcbernommen wurden. Dies betrifft auch jene Inhalte der Seiten auf die von unserer Homepage gelinkt wird.<\/p>\n<p>Urheberrechtshinweis<\/p>\n<p>F\u00fcr unsere Texte und Grafiken beanspruchen wir das Urheberrecht. Die Verwendung, Reproduktion oder Weitergabe einzelner Inhalte oder kompletter Seiten unserer Homepage, ben\u00f6tigt die schriftliche Genehmigung durch Physio-osteo-sport .<\/p>\n<p>Hinweis auf den kommerziellen Zweck der hinterlegten Inhalte auf dieser Homepage gem\u00e4\u00df EGG vom 21.12.2001<\/p>\n<p>Die auf dieser Homepage hinterlegten Inhalte und Informationen dienen kommerziellen Zwecken von Physio-osteo-sport<\/p>\n<p>Bildquellennachweis \/ Fotos \/ Copyright<\/p>\n","protected":false},"excerpt":{"rendered":"<p>Impressum verantwortlich Christiane Billen-Mertes, Sebastian Herbststr.7 63628 Bad Soden Salm\u00fcnster Tel. 06056 4029920 Mail: info@physio-osteo-sport.de Internet: www.physio-osteo-sport.de Haftungsausschluss: Der Praxisbesitzer hat mit geb\u00fchrender Sorgfalt den Inhalt dieser Seiten zusammengestellt, \u00fcbernimmt jedoch keine Garantie oder Haftung f\u00fcr die Richtigkeit oder Vollst\u00e4ndigkeit des Inhaltes. Der Praxisbesitzer \u00fcbernimmt keine Haftung f\u00fcr die Inhalte anderer Websites, die Sie \u00fcber [&hellip;]<\/p>\n","protected":false},"author":1,"featured_media":0,"parent":0,"menu_order":5,"comment_status":"closed","ping_status":"closed","template":"","meta":{"footnotes":""},"class_list":["post-21","page","type-page","status-publish","hentry"],"_links":{"self":[{"href":"https:\/\/physio-osteo-sport.de\/index.php?rest_route=\/wp\/v2\/pages\/21","targetHints":{"allow":["GET"]}}],"collection":[{"href":"https:\/\/physio-osteo-sport.de\/index.php?rest_route=\/wp\/v2\/pages"}],"about":[{"href":"https:\/\/physio-osteo-sport.de\/index.php?rest_route=\/wp\/v2\/types\/page"}],"author":[{"embeddable":true,"href":"https:\/\/physio-osteo-sport.de\/index.php?rest_route=\/wp\/v2\/users\/1"}],"replies":[{"embeddable":true,"href":"https:\/\/physio-osteo-sport.de\/index.php?rest_route=%2Fwp%2Fv2%2Fcomments&post=21"}],"version-history":[{"count":9,"href":"https:\/\/physio-osteo-sport.de\/index.php?rest_route=\/wp\/v2\/pages\/21\/revisions"}],"predecessor-version":[{"id":446,"href":"https:\/\/physio-osteo-sport.de\/index.php?rest_route=\/wp\/v2\/pages\/21\/revisions\/446"}],"wp:attachment":[{"href":"https:\/\/physio-osteo-sport.de\/index.php?rest_route=%2Fwp%2Fv2%2Fmedia&parent=21"}],"curies":[{"name":"wp","href":"https:\/\/api.w.org\/{rel}","templated":true}]}}